 Let a be n(2). Calculate the remainder when 30 is divided by (-1 - 1/3)/(a/(-144)).
6
Suppose 3*k + c = 5 + 5, 3*k = 2*c + 7. Let y(z) be the first derivative of z**2/2 - z - 6. What is the remainder when y(4) is divided by k?
0
Let c = 721 + -473. What is the remainder when c is divided by 36?
32
Let o be ((-1)/1 - -2)*-1. Let a(q) = 3*q + 3. Let z be a(-3). Let u = o - z. Calculate the remainder when 14 is divided by u.
4
Suppose -13 = -s - 11. Let v(t) = 1 - 9*t**2 + t**3 + 2*t**2 - 6*t**2 + 6*t - s*t**2. Calculate the remainder when v(15) is divided by 23.
22
Let u(g) = -3*g - 2. Let a(d) = -d**2 + 12*d + 27. What is the remainder when a(13) is divided by u(-2)?
2
Let c be -1 + 24 - (-7)/(-7). Let l = c + -16. Calculate the remainder when ((-15)/4)/(4/(-16)) is divided by l.
3
Suppose 0 = 5*c + 52 - 137. Let w(o) = -5*o - 22. Let h be w(-5). Suppose h*r = 0, 0*k - 2*k = -2*r - 96. What is the remainder when k is divided by c?
14
Let s(z) = -z**3 + 8*z**2 - 8*z - 14. Let q be s(7). Let p = q + 46. What is the remainder when 149 is divided by p?
24
Suppose -o + 4*n = -2*o + 423, -2*o - 5*n + 849 = 0. Calculate the remainder when o is divided by 43.
40
Let o = -67 + 31. Let s = -15 - o. What is the remainder when 81 is divided by s?
18
Calculate the remainder when 4/8 + (-3393)/(-174) is divided by 0/(1 + -3) - -8.
4
Let r = 216 + -117. Suppose 0 = 5*s + 5, -z + 7 = -5*s - 0*s. Suppose -z*a - 15 + 49 = 0. Calculate the remainder when r is divided by a.
14
Let z = 26 - 3. What is the remainder when 3/(-11) - (-30168)/264 is divided by z?
22
Let x = 5 + 8. Let r be -2 + (2 - -2) + 0. Suppose m = r + 3. Calculate the remainder when x is divided by m.
3
What is the remainder when 63 is divided by -1*(-8)/((-8)/(-13))?
11
Let z(i) = 4*i**2 + i + 3. Calculate the remainder when z(5) is divided by 57.
51
Suppose -7*w + 276 = -3*w. Suppose -w = -2*l + 17. What is the remainder when l is divided by 11?
10
Let p = -27 - -27. Suppose q + 4*k - 21 = p, 1 = q - 4*k + 4. Calculate the remainder when 2/q - (-1565)/45 is divided by 12.
11
Let r(f) = -14*f - 31. Let u = 37 - 9. What is the remainder when r(-8) is divided by u?
25
Let m = -851 - -880. Calculate the remainder when 69 is divided by m.
11
Let m = -315 - -360. Calculate the remainder when m is divided by 34.
11
Let p(c) = -c**3 + 7*c**2 + c - 3. Let n be p(7). Let h(w) = 17*w - 6. What is the remainder when h(n) is divided by 32?
30
Suppose 0 = m - 6*m + 10. Suppose 0*p + 3*z - 24 = -3*p, -m*p + 4 = -z. Calculate the remainder when (2/3)/((-4)/(-42)) is divided by p.
3
Suppose -460 = -14*p + 282. What is the remainder when 205 is divided by p?
46
Let s(t) = -8*t. Suppose 0 = -2*m - 3*v - 12, 2*v - 2 = -6. Let i be s(m). Let z = i + 19. Calculate the remainder when z is divided by 15.
13
Let n = 68 - 50. Calculate the remainder when 123 is divided by n.
15
Suppose -5*h = 4*l - 52, -2*l - 5*h + 37 - 1 = 0. Calculate the remainder when 237 is divided by l.
5
Suppose -3*z = 2*x - 11, -2*x + 0 = -2*z - 6. Suppose 29 + z = 2*u. Calculate the remainder when u is divided by 10.
5
Let f(y) = -y**2 + 9*y - 1. Let l(n) = -14*n + 35. Calculate the remainder when l(-2) is divided by f(7).
11
Let s = -96 - -174. What is the remainder when s is divided by 21?
15
Suppose -4*h = -0*h + 5*r - 36, -5*h - 3*r + 45 = 0. Suppose 3*u = -3*j + 99, 4*u - 63 + 36 = -j. What is the remainder when j is divided by h?
8
Let x = 17 - 25. Let a(g) be the first derivative of -g**2 + 4*g + 42. What is the remainder when 58 is divided by a(x)?
18
Suppose 479 - 28 = 11*o. What is the remainder when 285 is divided by o?
39
Let y = 27 + -29. What is the remainder when y + 2/((-8)/(-340)) is divided by 14?
13
Let u(g) = g**2 - 1. Suppose 0 = 81*h - 78*h - 5*r - 49, 53 = 3*h - 4*r. What is the remainder when h is divided by u(-3)?
7
Suppose -5*k - 5*c + 190 = 0, 22*c - 27*c = 4*k - 151. Let p(v) = -v**3 + v**2 + v - 1. What is the remainder when p(-4) is divided by k?
36
Suppose -o = 5*j - 6, -2*j - 8 = -7*j - 3*o. Let g(p) = 35*p**3 + p**2 - p. What is the remainder when g(j) is divided by 19?
16
Suppose 270 = 4*n - 158. Suppose -5*y = 2*x + 3*x - 140, -4*y = -x - n. Calculate the remainder when y is divided by 4.
3
Let d be (0 + 2)/(3/36) - 2. Suppose -3*x = d - 103. Calculate the remainder when x is divided by 14.
13
Let i be (-3)/(-5) - 1632/(-30). Suppose x + 0*x - i = -2*a, a = -2*x + 26. Calculate the remainder when a is divided by 2/(-6) + (-138)/(-9).
13
Let c = -730 + 590. Suppose -h + 14 = -0. Calculate the remainder when c/h*2/(-4) is divided by 2.
1
Let p(m) = 2*m + 174. Calculate the remainder when p(14) is divided by 23.
18
Let h = 5 - -12. Suppose 38 - 522 = 4*b. Let x = 186 + b. What is the remainder when x is divided by h?
14
Let u = -75 + 62. Let d(b) = -b**3 - 8*b**2 - 9*b + 7. Calculate the remainder when d(-7) is divided by (-2)/2*(-1 + (u - -3)).
10
Suppose 5*o - o = 4. Let b(m) = 18*m**2 + 2*m - 1. Let g be b(o). Suppose 3*a - g = -3*l + 8, 18 = 2*a + l. What is the remainder when a is divided by 3?
0
Let b(n) = -20*n**2 - 4*n + 11. Let i be b(2). Let r = i + 112. What is the remainder when r is divided by 18?
17
Let q = 2 + 4. Suppose 18 - q = 2*g. Calculate the remainder when 33 is divided by g.
3
What is the remainder when 110 is divided by 26/(-4)*(1 - 7)?
32
Let v(a) = -17*a + 1. Suppose -5*z - 240 = -5*i, 28 + 12 = i - 3*z. Calculate the remainder when i is divided by v(-1).
16
Let v = 212 + -136. Calculate the remainder when v is divided by 34.
8
What is the remainder when (4/(-48)*-692)/(5/15) is divided by 40?
13
Let a = -1098 + 1118. Calculate the remainder when 236 is divided by a.
16
Let h be (-708)/90 + (-4)/30. Let l be 30/(((-36)/h)/3). Let c = l - 6. What is the remainder when 53 is divided by c?
11
Suppose -340 = -5*y - 0*y. Let v = y + -55. What is the remainder when 24 is divided by v?
11
Suppose 2*d + d = 9. Suppose 3*w = -p + 24, 4*p + 3*w = 38 + 49. Let f = d + p. Calculate the remainder when f is divided by 7.
3
Let f(r) = -r**3 + 7*r**2 - 6. Calculate the remainder when 130 is divided by f(5).
42
Suppose -5*c - 3*b - 3 = 20, 5*c + b + 21 = 0. Let z be 13/(-52) + 31/c. What is the remainder when 57 is divided by (-72)/(-4) - z/4?
17
Suppose 0 = -5*s + 88 - 78. Calculate the remainder when 208 is divided by (-12 - 2)*s*(-25)/20.
33
Let i(l) = -l**3 + 5*l**2 + 6*l - 9. Let c be i(3). Suppose c*q - 23*q - 240 = 0. Calculate the remainder when q is divided by 13.
8
Let x(r) = r**2 - 14*r + 48. What is the remainder when 55 is divided by x(12)?
7
Suppose 0 = 4*j + 1 + 11, 128 = 2*o + 4*j. Calculate the remainder when 976 is divided by o.
66
Suppose -3*f - p + 230 = 0, -3*f + 16*p + 224 = 14*p. What is the remainder when f is divided by 10?
6
Suppose -152 = -4*x + 32. What is the remainder when 595 is divided by x?
43
Calculate the remainder when (143 + 4 - -2) + 9 is divided by 10.
8
Let k(g) = g + 12. Let w be k(-9). Let l(v) = v**2 - 2. Let s be l(3). Suppose 0 = r + w - s. Calculate the remainder when 8 is divided by r.
0
Let o = -157 + 533. Suppose 16*z - o = 8*z. Calculate the remainder when z is divided by 13.
8
Suppose 0 = 430*m - 425*m - 370. What is the remainder when m is divided by 13?
9
Suppose 8*m + 70 = 15*m. What is the remainder when 28 is divided by m?
8
Suppose -12 = -4*j - 0*j, j - 39 = -4*f. Suppose -f*k = -3*k - 258. Calculate the remainder when k is divided by 15.
13
Let v = 238 + -230. Calculate the remainder when 67 is divided by v.
3
What is the remainder when 24/21*(-7336)/(-16) is divided by 17?
14
Let y = 37 - 33. Let o = -2 + 4. Suppose 2*j = 4, b - j - o*j + y = 0. Calculate the remainder when 5 is divided by b.
1
Suppose 5*w - 286 = 1354. Calculate the remainder when w is divided by 7.
6
Calculate the remainder when 67 is divided by ((-255)/20)/((-3)/8).
33
Suppose -2*n + 30 + 26 = 0. Let w(k) = 6*k - 2 + 29*k**2 + 1 - 28*k**2. What is the remainder when n is divided by w(-7)?
4
Let v be 33/1 + 1/1. Let o = v + -21. Let b(t) = t**3 + 9*t**2 + 3*t - 35. What is the remainder when o is divided by b(-8)?
3
Let g = -24 - -46. Suppose h - g + 4 = 0. Calculate the remainder when 34 is divided by h.
16
Suppose 0 = 9*m - 73 - 89. What is the remainder when 30 is divi